{"id":300,"date":"2014-03-19T10:01:53","date_gmt":"2014-03-19T09:01:53","guid":{"rendered":"http:\/\/localhost\/MUSEUVDP\/?page_id=300"},"modified":"2025-10-06T12:06:30","modified_gmt":"2025-10-06T10:06:30","slug":"bases-e-inscripcion-concurso-2019","status":"publish","type":"page","link":"https:\/\/www.museuvestitspaper.cat\/es\/bases-e-inscripcion-concurso-2019\/","title":{"rendered":"Bases, inscripci\u00f3n i books Concurso 2025"},"content":{"rendered":"\n<p><strong>Para m\u00e1s informaci\u00f3n sobre el Concurs de Vestits de Paper, contactar a trav\u00e9s de:<\/strong><\/p>\n<p><em>administracio@museuvestitspaper.cat<\/em> o llamando al <span aria-label=\"Truca al n\u00famero de tel\u00e8fon 973 60 62 10\"><em>973 60 62 10<\/em>.<\/span><\/p>\n<p><span style=\"color: #98b8b3;\"><strong>Disponibles a partir del 9 de agosto<\/strong>.<\/span><\/p>\n<table style=\"border-collapse: collapse; width: 63.0952%;\">\n<tbody>\n<tr>\n<td style=\"width: 20.873%;\"><a href=\"https:\/\/www.museuvestitspaper.cat\/wp-content\/uploads\/2025\/08\/Bases_Concurs_2025_CAST.pdf\" target=\"_blank\" rel=\"noopener\"><img loading=\"lazy\" class=\"alignleft wp-image-3597 size-medium\" src=\"https:\/\/www.museuvestitspaper.cat\/wp-content\/uploads\/2025\/08\/Banners_Concurs_CAST-300x300.jpg\" alt=\"\" width=\"300\" height=\"300\" srcset=\"https:\/\/www.museuvestitspaper.cat\/wp-content\/uploads\/2025\/08\/Banners_Concurs_CAST-300x300.jpg 300w, https:\/\/www.museuvestitspaper.cat\/wp-content\/uploads\/2025\/08\/Banners_Concurs_CAST-150x150.jpg 150w, https:\/\/www.museuvestitspaper.cat\/wp-content\/uploads\/2025\/08\/Banners_Concurs_CAST.jpg 352w\" sizes=\"(max-width: 300px) 100vw, 300px\" \/><\/a><\/td>\n<td style=\"width: 20.7539%;\"><a href=\"https:\/\/forms.gle\/gi9QKwFev5m3ha7D6\" target=\"_blank\" rel=\"noopener\"><img loading=\"lazy\" class=\"alignleft wp-image-3599 size-medium\" src=\"https:\/\/www.museuvestitspaper.cat\/wp-content\/uploads\/2025\/08\/Banners_Concurs_CAST2-300x300.jpg\" alt=\"\" width=\"300\" height=\"300\" srcset=\"https:\/\/www.museuvestitspaper.cat\/wp-content\/uploads\/2025\/08\/Banners_Concurs_CAST2-300x300.jpg 300w, https:\/\/www.museuvestitspaper.cat\/wp-content\/uploads\/2025\/08\/Banners_Concurs_CAST2-150x150.jpg 150w, https:\/\/www.museuvestitspaper.cat\/wp-content\/uploads\/2025\/08\/Banners_Concurs_CAST2.jpg 352w\" sizes=\"(max-width: 300px) 100vw, 300px\" \/><\/a><\/td>\n<td style=\"width: 20.8068%;\"><a href=\"https:\/\/www.museuvestitspaper.cat\/wp-content\/uploads\/2025\/08\/Inscripcions_CAST_2025.pdf\" target=\"_blank\" rel=\"noopener\"><img loading=\"lazy\" class=\"alignleft wp-image-3601 size-medium\" src=\"https:\/\/www.museuvestitspaper.cat\/wp-content\/uploads\/2025\/08\/Banners_Concurs_CAST3-300x300.jpg\" alt=\"\" width=\"300\" height=\"300\" srcset=\"https:\/\/www.museuvestitspaper.cat\/wp-content\/uploads\/2025\/08\/Banners_Concurs_CAST3-300x300.jpg 300w, https:\/\/www.museuvestitspaper.cat\/wp-content\/uploads\/2025\/08\/Banners_Concurs_CAST3-150x150.jpg 150w, https:\/\/www.museuvestitspaper.cat\/wp-content\/uploads\/2025\/08\/Banners_Concurs_CAST3.jpg 352w\" sizes=\"(max-width: 300px) 100vw, 300px\" \/><\/a><\/td>\n<\/tr>\n<tr>\n<td style=\"width: 20.873%;\"><a href=\"https:\/\/www.museuvestitspaper.cat\/wp-content\/uploads\/2025\/08\/Sol_Trans_2025_CAST.pdf\" target=\"_blank\" rel=\"noopener\"><img loading=\"lazy\" class=\"alignleft wp-image-3603 size-medium\" src=\"https:\/\/www.museuvestitspaper.cat\/wp-content\/uploads\/2025\/08\/Banners_Concurs_CAST4-300x300.jpg\" alt=\"\" width=\"300\" height=\"300\" srcset=\"https:\/\/www.museuvestitspaper.cat\/wp-content\/uploads\/2025\/08\/Banners_Concurs_CAST4-300x300.jpg 300w, https:\/\/www.museuvestitspaper.cat\/wp-content\/uploads\/2025\/08\/Banners_Concurs_CAST4-150x150.jpg 150w, https:\/\/www.museuvestitspaper.cat\/wp-content\/uploads\/2025\/08\/Banners_Concurs_CAST4.jpg 352w\" sizes=\"(max-width: 300px) 100vw, 300px\" \/><\/a><\/td>\n<td style=\"width: 20.7539%;\">\u00a0<\/td>\n<td style=\"width: 20.8068%;\">\u00a0<\/td>\n<\/tr>\n<\/tbody>\n<\/table>\n<p>\u00a0<\/p>\n<table style=\"border-collapse: collapse; width: 63.5714%;\">\n<tbody>\n<tr>\n<td style=\"width: 20.9524%;\"><a href=\"https:\/\/forms.gle\/VL2Gw3KCd2Vb52Rn7\" target=\"_blank\" rel=\"noopener\"><img loading=\"lazy\" class=\"alignleft wp-image-3653 size-medium\" src=\"https:\/\/www.museuvestitspaper.cat\/wp-content\/uploads\/2025\/10\/Banner-Book-Moda-Actual-25-300x300.jpg\" alt=\"\" width=\"300\" height=\"300\" srcset=\"https:\/\/www.museuvestitspaper.cat\/wp-content\/uploads\/2025\/10\/Banner-Book-Moda-Actual-25-300x300.jpg 300w, https:\/\/www.museuvestitspaper.cat\/wp-content\/uploads\/2025\/10\/Banner-Book-Moda-Actual-25-150x150.jpg 150w, https:\/\/www.museuvestitspaper.cat\/wp-content\/uploads\/2025\/10\/Banner-Book-Moda-Actual-25.jpg 352w\" sizes=\"(max-width: 300px) 100vw, 300px\" \/><\/a><\/td>\n<td style=\"width: 20.9524%;\"><a href=\"https:\/\/forms.gle\/cNjYKWqWP7NXHr1B7\" target=\"_blank\" rel=\"noopener\"><img loading=\"lazy\" class=\"alignleft wp-image-3651 size-medium\" src=\"https:\/\/www.museuvestitspaper.cat\/wp-content\/uploads\/2025\/10\/Banner-Book-Fantasia-25-300x300.jpg\" alt=\"\" width=\"300\" height=\"300\" srcset=\"https:\/\/www.museuvestitspaper.cat\/wp-content\/uploads\/2025\/10\/Banner-Book-Fantasia-25-300x300.jpg 300w, https:\/\/www.museuvestitspaper.cat\/wp-content\/uploads\/2025\/10\/Banner-Book-Fantasia-25-150x150.jpg 150w, https:\/\/www.museuvestitspaper.cat\/wp-content\/uploads\/2025\/10\/Banner-Book-Fantasia-25.jpg 352w\" sizes=\"(max-width: 300px) 100vw, 300px\" \/><\/a><\/td>\n<td style=\"width: 21.6665%;\"><a href=\"https:\/\/docs.google.com\/forms\/d\/e\/1FAIpQLSfE8Hu-nFF9l0RNV4ATUvZgiZUwm3boJ2M_oMlvsPhlgn94cA\/viewform?usp=header\" target=\"_blank\" rel=\"noopener\"><img loading=\"lazy\" class=\"alignleft wp-image-3649 size-medium\" src=\"https:\/\/www.museuvestitspaper.cat\/wp-content\/uploads\/2025\/10\/Banner-Book-Epoca-300x300.jpg\" alt=\"\" width=\"300\" height=\"300\" srcset=\"https:\/\/www.museuvestitspaper.cat\/wp-content\/uploads\/2025\/10\/Banner-Book-Epoca-300x300.jpg 300w, https:\/\/www.museuvestitspaper.cat\/wp-content\/uploads\/2025\/10\/Banner-Book-Epoca-150x150.jpg 150w, https:\/\/www.museuvestitspaper.cat\/wp-content\/uploads\/2025\/10\/Banner-Book-Epoca.jpg 352w\" sizes=\"(max-width: 300px) 100vw, 300px\" \/><\/a><\/td>\n<\/tr>\n<\/tbody>\n<\/table>\n<p>Consulta los papeles permitidos en este video donde hablamos con Felipe Moreno, director de la Escuela Museo de Origami de Zaragoza (EMOZ) y jurado del papel en el CVP.\u00a0<\/p>\n\n\n\n<figure class=\"wp-block-video\"><video controls src=\"https:\/\/www.museuvestitspaper.cat\/wp-content\/uploads\/2023\/08\/TIPO-PAPELES-PERMITIDOS.mp4\"><\/video><\/figure>\n","protected":false},"excerpt":{"rendered":"<p>Para m\u00e1s informaci\u00f3n sobre el Concurs de Vestits de Paper, contactar a trav\u00e9s de: administracio@museuvestitspaper.cat o llamando al 973 60 62 10. Disponibles a partir del 9 de agosto. \u00a0 \u00a0 \u00a0 Consulta los papeles permitidos en este video donde hablamos con Felipe Moreno, director de la Escuela Museo de Origami de Zaragoza (EMOZ) y [&hellip;]<\/p>\n","protected":false},"author":3,"featured_media":0,"parent":0,"menu_order":0,"comment_status":"open","ping_status":"open","template":"","meta":[],"_links":{"self":[{"href":"https:\/\/www.museuvestitspaper.cat\/es\/wp-json\/wp\/v2\/pages\/300"}],"collection":[{"href":"https:\/\/www.museuvestitspaper.cat\/es\/wp-json\/wp\/v2\/pages"}],"about":[{"href":"https:\/\/www.museuvestitspaper.cat\/es\/wp-json\/wp\/v2\/types\/page"}],"author":[{"embeddable":true,"href":"https:\/\/www.museuvestitspaper.cat\/es\/wp-json\/wp\/v2\/users\/3"}],"replies":[{"embeddable":true,"href":"https:\/\/www.museuvestitspaper.cat\/es\/wp-json\/wp\/v2\/comments?post=300"}],"version-history":[{"count":54,"href":"https:\/\/www.museuvestitspaper.cat\/es\/wp-json\/wp\/v2\/pages\/300\/revisions"}],"predecessor-version":[{"id":3657,"href":"https:\/\/www.museuvestitspaper.cat\/es\/wp-json\/wp\/v2\/pages\/300\/revisions\/3657"}],"wp:attachment":[{"href":"https:\/\/www.museuvestitspaper.cat\/es\/wp-json\/wp\/v2\/media?parent=300"}],"curies":[{"name":"wp","href":"https:\/\/api.w.org\/{rel}","templated":true}]}}

Bases, inscripción i books Concurso 2025

<p><strong>Para más información sobre el Concurs de Vestits de Paper, contactar a través de:</strong></p>
<p><em>administracio@museuvestitspaper.cat</em> o llamando al <span aria-label="Truca al número de telèfon 973 60 62 10"><em>973 60 62 10</em>.</span></p>
<p><span style="color: #98b8b3;"><strong>Disponibles a partir del 9 de agosto</strong>.</span></p>
<table style="border-collapse: collapse; width: 63.0952%;">
<tbody>
<tr>
<td style="width: 20.873%;"><a href="https://www.museuvestitspaper.cat/wp-content/uploads/2025/08/Bases_Concurs_2025_CAST.pdf" target="_blank" rel="noopener"><img loading="lazy" class="alignleft wp-image-3597 size-medium" src="https://www.museuvestitspaper.cat/wp-content/uploads/2025/08/Banners_Concurs_CAST-300x300.jpg" alt="" width="300" height="300" srcset="https://www.museuvestitspaper.cat/wp-content/uploads/2025/08/Banners_Concurs_CAST-300x300.jpg 300w, https://www.museuvestitspaper.cat/wp-content/uploads/2025/08/Banners_Concurs_CAST-150x150.jpg 150w, https://www.museuvestitspaper.cat/wp-content/uploads/2025/08/Banners_Concurs_CAST.jpg 352w" sizes="(max-width: 300px) 100vw, 300px" /></a></td>
<td style="width: 20.7539%;"><a href="https://forms.gle/gi9QKwFev5m3ha7D6" target="_blank" rel="noopener"><img loading="lazy" class="alignleft wp-image-3599 size-medium" src="https://www.museuvestitspaper.cat/wp-content/uploads/2025/08/Banners_Concurs_CAST2-300x300.jpg" alt="" width="300" height="300" srcset="https://www.museuvestitspaper.cat/wp-content/uploads/2025/08/Banners_Concurs_CAST2-300x300.jpg 300w, https://www.museuvestitspaper.cat/wp-content/uploads/2025/08/Banners_Concurs_CAST2-150x150.jpg 150w, https://www.museuvestitspaper.cat/wp-content/uploads/2025/08/Banners_Concurs_CAST2.jpg 352w" sizes="(max-width: 300px) 100vw, 300px" /></a></td>
<td style="width: 20.8068%;"><a href="https://www.museuvestitspaper.cat/wp-content/uploads/2025/08/Inscripcions_CAST_2025.pdf" target="_blank" rel="noopener"><img loading="lazy" class="alignleft wp-image-3601 size-medium" src="https://www.museuvestitspaper.cat/wp-content/uploads/2025/08/Banners_Concurs_CAST3-300x300.jpg" alt="" width="300" height="300" srcset="https://www.museuvestitspaper.cat/wp-content/uploads/2025/08/Banners_Concurs_CAST3-300x300.jpg 300w, https://www.museuvestitspaper.cat/wp-content/uploads/2025/08/Banners_Concurs_CAST3-150x150.jpg 150w, https://www.museuvestitspaper.cat/wp-content/uploads/2025/08/Banners_Concurs_CAST3.jpg 352w" sizes="(max-width: 300px) 100vw, 300px" /></a></td>
</tr>
<tr>
<td style="width: 20.873%;"><a href="https://www.museuvestitspaper.cat/wp-content/uploads/2025/08/Sol_Trans_2025_CAST.pdf" target="_blank" rel="noopener"><img loading="lazy" class="alignleft wp-image-3603 size-medium" src="https://www.museuvestitspaper.cat/wp-content/uploads/2025/08/Banners_Concurs_CAST4-300x300.jpg" alt="" width="300" height="300" srcset="https://www.museuvestitspaper.cat/wp-content/uploads/2025/08/Banners_Concurs_CAST4-300x300.jpg 300w, https://www.museuvestitspaper.cat/wp-content/uploads/2025/08/Banners_Concurs_CAST4-150x150.jpg 150w, https://www.museuvestitspaper.cat/wp-content/uploads/2025/08/Banners_Concurs_CAST4.jpg 352w" sizes="(max-width: 300px) 100vw, 300px" /></a></td>
<td style="width: 20.7539%;"> </td>
<td style="width: 20.8068%;"> </td>
</tr>
</tbody>
</table>
<p> </p>
<table style="border-collapse: collapse; width: 63.5714%;">
<tbody>
<tr>
<td style="width: 20.9524%;"><a href="https://forms.gle/VL2Gw3KCd2Vb52Rn7" target="_blank" rel="noopener"><img loading="lazy" class="alignleft wp-image-3653 size-medium" src="https://www.museuvestitspaper.cat/wp-content/uploads/2025/10/Banner-Book-Moda-Actual-25-300x300.jpg" alt="" width="300" height="300" srcset="https://www.museuvestitspaper.cat/wp-content/uploads/2025/10/Banner-Book-Moda-Actual-25-300x300.jpg 300w, https://www.museuvestitspaper.cat/wp-content/uploads/2025/10/Banner-Book-Moda-Actual-25-150x150.jpg 150w, https://www.museuvestitspaper.cat/wp-content/uploads/2025/10/Banner-Book-Moda-Actual-25.jpg 352w" sizes="(max-width: 300px) 100vw, 300px" /></a></td>
<td style="width: 20.9524%;"><a href="https://forms.gle/cNjYKWqWP7NXHr1B7" target="_blank" rel="noopener"><img loading="lazy" class="alignleft wp-image-3651 size-medium" src="https://www.museuvestitspaper.cat/wp-content/uploads/2025/10/Banner-Book-Fantasia-25-300x300.jpg" alt="" width="300" height="300" srcset="https://www.museuvestitspaper.cat/wp-content/uploads/2025/10/Banner-Book-Fantasia-25-300x300.jpg 300w, https://www.museuvestitspaper.cat/wp-content/uploads/2025/10/Banner-Book-Fantasia-25-150x150.jpg 150w, https://www.museuvestitspaper.cat/wp-content/uploads/2025/10/Banner-Book-Fantasia-25.jpg 352w" sizes="(max-width: 300px) 100vw, 300px" /></a></td>
<td style="width: 21.6665%;"><a href="https://docs.google.com/forms/d/e/1FAIpQLSfE8Hu-nFF9l0RNV4ATUvZgiZUwm3boJ2M_oMlvsPhlgn94cA/viewform?usp=header" target="_blank" rel="noopener"><img loading="lazy" class="alignleft wp-image-3649 size-medium" src="https://www.museuvestitspaper.cat/wp-content/uploads/2025/10/Banner-Book-Epoca-300x300.jpg" alt="" width="300" height="300" srcset="https://www.museuvestitspaper.cat/wp-content/uploads/2025/10/Banner-Book-Epoca-300x300.jpg 300w, https://www.museuvestitspaper.cat/wp-content/uploads/2025/10/Banner-Book-Epoca-150x150.jpg 150w, https://www.museuvestitspaper.cat/wp-content/uploads/2025/10/Banner-Book-Epoca.jpg 352w" sizes="(max-width: 300px) 100vw, 300px" /></a></td>
</tr>
</tbody>
</table>
<p>Consulta los papeles permitidos en este video donde hablamos con Felipe Moreno, director de la Escuela Museo de Origami de Zaragoza (EMOZ) y jurado del papel en el CVP. </p>



<figure class="wp-block-video"><video controls src="https://www.museuvestitspaper.cat/wp-content/uploads/2023/08/TIPO-PAPELES-PERMITIDOS.mp4"></video></figure>

<p>Para más información sobre el Concurs de Vestits de Paper, contactar a través de: administracio@museuvestitspaper.cat o llamando al 973 60 62 10. Disponibles a partir del 9 de agosto.       Consulta los papeles permitidos en este video donde hablamos con Felipe Moreno, director de la Escuela Museo de Origami de Zaragoza (EMOZ) y [&hellip;]</p>
